units digit of d?
1
Suppose -4*f - 38 = 50. Let w = -8 - f. What is the tens digit of w?
1
Let p = 0 - -1. Let t be 6/2 + 0 + p. Suppose t*f - 22 = 2*j, -1 + 17 = 3*f - j. What is the units digit of f?
5
What is the units digit of 3/6*28 - -2?
6
Let u(r) = 10*r**2 - 6*r - 4. What is the units digit of u(3)?
8
Suppose -66*a + 1408 = -62*a. What is the tens digit of a?
5
Suppose -3*p - i - 7 = 0, -i + 3 = -3*p + 4. Let w be (0 - p)*(5 + 0). Suppose 12 = w*s - 3. What is the units digit of s?
3
Let h = 27 + -21. Suppose 132 = -2*f + h*f. What is the units digit of f?
3
Suppose 2*n + 3*m - 390 = 0, -4*n - 4*m + 584 = -n. What is the tens digit of n?
9
Let x be -5*(3 - (-6)/(-1)). Suppose 0 = -4*b + 21 + x. What is the units digit of b?
9
Suppose 5*v + 4 + 11 = 0. Let y be (6/(-4))/(v/86). Suppose -i + 3*w + y = 4*i, -3*i - 5*w = -53. What is the units digit of i?
1
Let l(c) = 2*c**2 - 4*c**2 + 0*c**2 + 1 + 3*c**2 + 3*c. What is the tens digit of l(-6)?
1
Let n = 82 - 34. Suppose u = -3*u - n. Let h = 19 + u. What is the units digit of h?
7
Let y(n) = 21*n - 55. What is the tens digit of y(16)?
8
Suppose -4*q = -5*p + 44 - 10, -3*p - 2*q + 16 = 0. What is the units digit of p?
6
Suppose 4*n - 643 - 201 = -4*p, 0 = 5*n - 2*p - 1090. What is the tens digit of n?
1
Suppose -2*q = -y, 3*q - 40 = -4*y + q. Let n be (y/5)/(4/10). Suppose 2*o + 6 = n*o. What is the units digit of o?
3
Let c(f) = -2*f**2 + 21*f + 7. What is the tens digit of c(9)?
3
Suppose -7*n - 24 = -11*n. Suppose 115 = n*j - j. What is the units digit of j?
3
Let c = -6 + 0. What is the tens digit of (-184)/c + 4/3?
3
Let k = 61 - 27. What is the units digit of k?
4
What is the units digit of (-1677)/(-33) + (-14)/(-77)?
1
Suppose 18*l - 21*l = 18. What is the units digit of -78*1*l/12?
9
Suppose -4*s - 6*h = -2*h + 4, -5*s - 13 = -3*h. Let y be 4/(-14) + 30/7. Let q = y + s. What is the units digit of q?
2
Suppose 0 = -y + 2*q + 7, -3*q + 1 = 2*y + 15. Let s(a) = 2*a + 1. Let h be s(y). What is the units digit of (12/(-3) + -1)*h?
5
What is the units digit of 6/(-12)*12 - -252?
6
Suppose -3*z + 21 = -2*z. Let l = z + -12. Suppose w - 2*j - 11 = 0, 0 = -3*w + 4*j + 28 + l. What is the units digit of w?
5
Suppose -q = -2*q + 2*m + 147, 2*q - 5*m = 293. What is the hundreds digit of q?
1
Suppose 6*r + 309 = 1005. What is the units digit of r?
6
Let h = 38 + 23. What is the units digit of h?
1
Let o(i) = -i + 5. Let f = -3 + 6. Let c be o(f). What is the units digit of (2/(-4))/(c/(-4))?
1
Let y(x) = -7*x - 3. Let i(p) = -20*p - 8. Let r(b) = 4*i(b) - 11*y(b). What is the units digit of r(-1)?
4
Let n = 597 + -404. What is the units digit of n?
3
Let j(h) = -h**2 + 3*h + 1. Let z be j(2). Suppose -a + z*w - 7 = -2*w, 4*a + 4*w = 92. What is the units digit of a?
8
Suppose -2*c + 5*i - 2 = -6*c, -5*c = 3*i + 4. Let a = 0 - c. Suppose -4*j = t + 13, -3*t + j = a*t - 40. What is the units digit of t?
7
Suppose 1 + 33 = v. What is the tens digit of v?
3
Suppose 0 = s - 3*s + 8. Suppose 2*x - 6 - s = -w, x = 2*w. What is the units digit of x?
4
What is the hundreds digit of (5920/15)/(-8)*(-9)/3?
1
Let z = -191 + 271. What is the units digit of z?
0
Let r(x) be the second derivative of -x**6/720 + x**5/120 - x**4/4 - x. Let m(b) be the third derivative of r(b). What is the units digit of m(0)?
1
Suppose -2*w - 3 = 5*j - 12, j + 6 = -3*w. Suppose -4*k = -0*i - 2*i - 170, -3*i = -j*k + 120. What is the tens digit of k?
4
Let t(q) = q**2 + q - 3. What is the units digit of t(-5)?
7
Suppose 4*j - 2*j - 18 = 0. Suppose -s - 3 = j. What is the units digit of ((-56)/s)/((-4)/(-6))?
7
Let y(c) = 5*c**3 - c**2 - c - 1. Let u be y(-1). What is the tens digit of u*(-51)/6*1?
5
Let m(s) = 3*s**3 - s**2 - 9*s - 2. Let t(f) = 10*f**3 - 2*f**2 - 28*f - 6. Let r = -1 - -8. Let n(q) = r*m(q) - 2*t(q). What is the tens digit of n(5)?
1
Let a = -60 + 99. Suppose -3 + a = 2*m. What is the tens digit of m?
1
Let f(h) = 24*h**3 - h**2 + 2*h - 1. What is the units digit of f(1)?
4
Let p = -14 + 9. Let x = p + 17. What is the tens digit of x?
1
Let r be 1 - (0 - (1 + 0)). Suppose r*v + v = -4*h + 15, -v + 4*h = 11. What is the units digit of v?
1
Let f be 10*2 - (2 + -1). Let h = 27 - 22. Suppose h*d + 4 = -4*q + f, -3 = 3*d. What is the units digit of q?
5
Let x = -5 + 2. Let y be (-12)/x*1/4. Let g = y + 6. What is the units digit of g?
7
Let k be 5/20 + (-5)/4. What is the units digit of (9/(-3))/(k - 0)?
3
Suppose -2*b + 8 = -2*f, -4*b + f + 15 = -10. What is the units digit of b?
7
Let m(d) = -d**3 - 3*d**2 + 5*d + 5. Suppose -3*v - 13 = -1. What is the units digit of m(v)?
1
Suppose 3*v = -2*b - 1, -5*b - 4*v = -5*v + 28. Let h(k) be the third derivative of k**5/60 + k**4/6 - k**3/6 - 3*k**2. What is the units digit of h(b)?
4
What is the units digit of 4/(-6) - (-276)/9?
0
Let a be 1/4 - (-335)/20. Let p be ((-6)/4)/((-1)/6). Let k = a - p. What is the units digit of k?
8
Suppose 55 + 14 = 3*b. Suppose 5*w = -u + b, -5*u + 7 + 0 = -2*w. Suppose -16 = -3*k - w*h + 2*h, -2*h = -k. What is the units digit of k?
4
Suppose -5 = c + 2. Let o = c - -14. What is the units digit of o?
7
What is the tens digit of ((-1064)/(-98))/((-4)/(-14))?
3
Let w(p) = 2*p**2 + 27*p + 11. Let t(u) = u**2 + 13*u + 5. Let k(c) = -13*t(c) + 6*w(c). What is the units digit of k(-6)?
7
Suppose 37 = -2*p + 3*b + 102, 4*b - 12 = 0. Suppose -3*q + 3 = 0, -p = -5*i - 4*q + 87. What is the units digit of i?
4
Let a(j) = j**3 - 11*j**2 + j - 11. Let z be a(11). Suppose 3 = -2*k + 2*h + 15, z = 4*k + 2*h - 12. Suppose -k*f - 50 = -9*f. What is the units digit of f?
0
Suppose -3*k + 61 + 71 = 0. What is the units digit of k?
4
Let j(o) = -o**2 + 10*o - 9. Let d(v) = v**3 - 4*v**2 + 2*v. Let p be d(4). Let a be j(p). Suppose -a*l + 10 = -2*l. What is the units digit of l?
2
What is the units digit of 112/(-35)*10/(-4)?
8
Let k be -1 + -2*(-3)/2. Suppose -x = k*x. Suppose x = 3*b + b - 24. What is the units digit of b?
6
Suppose -8*v = -4*v - 140. Suppose c = -4*x + 12, 5*x - 4*c - 1 = v. Suppose 0*d = -x*d + 56. What is the units digit of d?
4
What is the tens digit of (-9)/6 - (-9)/6 - -109?
0
Let q be (4 - 4/4) + -8. Let n(p) = p**2 + 5*p. Let w be n(-6). Let r = w - q. What is the tens digit of r?
1
Suppose -b + 49 = -3. What is the tens digit of b?
5
Suppose 4*y - 9 = -109. Let n = -16 - y. What is the units digit of n?
9
Let x = 161 + -66. What is the tens digit of x?
9
Let y(m) = -m - 4. Let p be y(8). Suppose 4*d = -20, -4*d + 75 = -5*k - 9*d. What is the units digit of p/5*k/3?
8
Let r(w) = -w**3 + w - 2. Let k be r(-2). Suppose -2 = k*o + m, 4*o + 0 + 6 = -3*m. Let t = 11 - o. What is the tens digit of t?
1
Suppose 11*g - 12*g + 120 = 0. What is the units digit of g?
0
Let u(w) = 4*w**2 + 2*w + 2. Let d be u(-1). Suppose -5*a - 3*i + 70 = i, -4*a + d*i = -56. What is the tens digit of a?
1
Suppose -2*q = 3*h - 9, 2*q - h + 1 = -2. Suppose q = z - 2*z + 12. Let s = z + -4. What is the units digit of s?
8
Let w(u) = u**2 + 11*u + 18. Let t be w(-11). What is the tens digit of (2/(-3))/(t/(-1539))?
5
Suppose -11*c = -3*c - 480. What is the units digit of c?
0
Suppose 5*z - 4*s = 185, 13*z - 148 = 9*z + 3*s. What is the tens digit of z?
3
Let h(l) = -l**2 - l**2 + 5*l + 3*l**2 + 0 - 10. Let d be h(-7). Suppose 0 = y - d - 5. What is the units digit of y?
9
Let j(q) = 2*q**2 + 4*q - 9. What is the tens digit of j(-6)?
3
Suppose -2*r - 1 = 1. Let n(z) = -z. What is the units digit of n(r)?
1
Suppose -15 - 4 = -4*t - p, 4*p + 4 = 4*t. What is the units digit of t?
4
Suppose -3*q - 111 = -3*z, 80 = 2*z - 4*q + 8*q. What is the units digit of z?
8
Suppose 2 = -2*y + 5*k, -5*y + 3*k - 20 = 4. Let x = 18 + y. What is the units digit of x?
2
Suppose -142 - 19 = -z. What is the units digit of z?
1
Let g(p) = p**2 + 6*p - 2. Let n be g(-6). Let q = 8 + -2. Let x = q + n. What is the units digit of x?
4
Let r = -38 - -223. What is the tens digit of r?
8
Let a = -10 + 12. What is the units digit of 6*(-3)/a*-3?
7
Suppose -7*j + 9 = -4*j. Suppose j*t + 5*o = -2*t + 205, -4*o = t - 56. What is the tens digit of t?
3
Suppose -5*r - 1176 = -4*q, -q + r = -96 - 198. What is the units digit of q?
4
Suppose 4*x = -3*c + c + 14, -3*c - 2*x = -41. What is th